 (base 15) to base 2
1000
What is -431 (base 5) in base 4?
-1310
Convert -67 (base 16) to base 14.
-75
1001 (base 2) to base 10
9
What is -2 (base 4) in base 10?
-2
Convert -ec (base 16) to base 8.
-354
What is -72 (base 10) in base 8?
-110
What is 5 (base 9) in base 2?
101
What is -1011000 (base 2) in base 3?
-10021
Convert 1010 (base 2) to base 3.
101
What is -14 (base 6) in base 12?
-a
Convert -301 (base 8) to base 14.
-db
Convert 11 (base 3) to base 6.
4
10 (base 12) to base 16
c
-110 (base 2) to base 7
-6
What is -47 (base 14) in base 13?
-4b
Convert 13 (base 11) to base 16.
e
-61 (base 7) to base 9
-47
77 (base 15) to base 14
80
Convert -11 (base 15) to base 5.
-31
Convert -121 (base 8) to base 2.
-1010001
What is 3 (base 11) in base 12?
3
What is -3 (base 12) in base 11?
-3
-38 (base 14) to base 8
-62
Convert -37 (base 10) to base 14.
-29
Convert -48 (base 12) to base 14.
-40
What is 3 (base 16) in base 4?
3
What is -142 (base 5) in base 8?
-57
Convert -225 (base 7) to base 4.
-1311
Convert 19 (base 16) to base 2.
11001
What is 1100100 (base 2) in base 9?
121
Convert 5 (base 10) to base 11.
5
Convert -2 (base 4) to base 12.
-2
-e (base 16) to base 7
-20
What is 4 (base 5) in base 6?
4
Convert 3b (base 13) to base 15.
35
What is -1 (base 11) in base 13?
-1
Convert -56 (base 14) to base 2.
-1001100
What is 49 (base 14) in base 11?
5a
1 (base 4) to base 10
1
212 (base 3) to base 9
25
What is 66 (base 7) in base 8?
60
What is 100111 (base 2) in base 5?
124
What is -10010 (base 2) in base 7?
-24
What is -101 (base 2) in base 15?
-5
What is -9 (base 11) in base 15?
-9
What is -1 (base 15) in base 7?
-1
What is 2 (base 11) in base 7?
2
What is -200 (base 3) in base 14?
-14
1 (base 4) to base 13
1
What is -3 (base 15) in base 4?
-3
-2a (base 12) to base 6
-54
What is -64 (base 12) in base 4?
-1030
Convert -15 (base 10) to base 4.
-33
What is -20212 (base 3) in base 7?
-353
Convert -121 (base 3) to base 16.
-10
Convert 4 (base 5) to base 13.
4
Convert 0 (base 13) to base 4.
0
Convert 100 (base 2) to base 16.
4
What is 146 (base 14) in base 12?
196
What is 5 (base 12) in base 2?
101
Convert -2 (base 13) to base 8.
-2
-9 (base 10) to base 3
-100
Convert -10 (base 3) to base 5.
-3
Convert -2 (base 14) to base 5.
-2
What is 114 (base 12) in base 10?
160
Convert 170 (base 8) to base 15.
80
14 (base 5) to base 8
11
3 (base 10) to base 13
3
Convert 16 (base 9) to base 6.
23
-15 (base 10) to base 5
-30
12 (base 3) to base 10
5
What is 1 (base 5) in base 12?
1
Convert 1 (base 7) to base 8.
1
-4 (base 11) to base 4
-10
Convert 25 (base 7) to base 8.
23
33 (base 4) to base 3
120
8 (base 9) to base 5
13
-10001001 (base 2) to base 14
-9b
Convert -40 (base 5) to base 12.
-18
What is 4e (base 15) in base 13?
59
121 (base 3) to base 15
11
70 (base 14) to base 5
343
-101 (base 9) to base 8
-122
Convert -4 (base 8) to base 2.
-100
Convert 25 (base 13) to base 12.
27
Convert 4 (base 13) to base 7.
4
Convert 111 (base 3) to base 12.
11
What is -102 (base 4) in base 10?
-18
Convert 14 (base 10) to base 9.
15
What is -2 (base 10) in base 16?
-2
What is -2c (base 13) in base 10?
-38
Convert -2 (base 6) to base 7.
-2
What is -1 (base 10) in base 5?
-1
Convert 11100 (base 3) to base 13.
90
3 (base 5) to base 11
3
79 (base 16) to base 10
121
What is 0 (base 8) in base 9?
0
330 (base 4) to base 2
111100
Convert -a (base 12) to base 13.
-a
133 (base 4) to base 5
111
What is -3 (base 5) in base 2?
-11
What is -30 (base 4) in base 7?
-15
What is -12 (base 5) in base 16?
-7
What is 181 (base 15) in base 14?
1aa
What is -33 (base 13) in base 5?
-132
38 (base 16) to base 4
320
20 (base 3) to base 8
6
-2 (base 13) to base 16
-2
0 (base 14) to base 15
0
Convert 3 (base 4) to base 7.
3
Convert 2 (base 13) to base 15.
2
Convert 111 (base 2) to base 5.
12
What is 120 (base 3) in base 16?
f
189 (base 13) to base 9
343
Convert 125 (base 9) to base 2.
1101000
What is 1102 (base 4) in base 12?
6a
Convert -4 (base 13) to base 11.
-4
What is 13 (base 10) in base 7?
16
-186 (base 10) to base 13
-114
Convert d (base 15) to base 13.
10
-5 (base 8) to base 2
-101
10 (base 2) to base 9
2
Convert 10 (base 13) to base 7.
16
Convert -122 (base 6) to base 9.
-55
Convert 153 (base 6) to base 7.
126
14 (base 16) to base 2
10100
-2013 (base 4) to base 16
-87
2 (base 9) to base 13
2
Convert 1023 (base 4) to base 12.
63
145 (base 10) to base 13
b2
Convert 0 (base 9) to base 2.
0
What is 20 (base 9) in base 7?
24
7 (base 8) to base 11
7
Convert 2 (base 11) to base 4.
2
Convert -10 (base 15) to base 8.
-17
-111000 (base 2) to base 11
-51
What is 123 (base 4) in base 6?
43
-6 (base 11) to base 7
-6
-4 (base 7) to base 2
-100
What is -44 (base 11) in base 9?
-53
-35 (base 6) to base 11
-21
13 (base 9) to base 14
c
What is -354 (base 6) in base 4?
-2032
-58 (base 9) to base 15
-38
Convert -13 (base 10) to base 9.
-14
2 (base 4) to base 8
2
1044 (base 6) to base 12
184
4 (base 7) to base 3
11
Convert 1110111 (base 2) to base 10.
119
-1011101 (base 2) to base 5
-333
Convert -2 (base 11) to base 7.
-2
-4 (base 7) to base 14
-4
Convert 73 (base 8) to base 16.
3b
Convert -4 (base 8) to base 2.
-100
Convert 31 (base 6) to base 15.
14
What is -5 (base 9) in base 10?
-5
What is -7 (base 16) in base 14?
-7
Convert -2203 (base 5) to base 14.
-179
4a (base 11) to base 10
54
Convert 8 (base 16) to base 12.
8
212 (base 6) to base 15
55
What is 54 (base 11) in base 4?
323
22 (base 5) to base 12
10
-6 (base 15) to base 11
-6
What is 2 (base 5) in base 4?
2
-3 (base 12) to base 2
-11
Convert 10110010 (base 2) to base 3.
20121
What is -23 (base 5) in base 12?
-11
5 (base 14) to base 9
5
What is 6 (base 9) in base 15?
6
3 (base 14) to base 3
10
What is 21 (base 14) in base 9?
32
What is -20 (base 4) in base 11?
-8
Convert 332 (base 5) to base 7.
161
-18 (base 15) to base 11
-21
What is 103 (base 4) in base 8?
23
Convert 2 (base 11) to base 2.
10
Convert -35 (base 14) to base 10.
-47
Convert -23 (base 5) to base 2.
-1101
111 (base 9) to base 16
5b
-2 (base 16) to base 3
-2
What is 26 (base 8) in base 11?
20
-2b (base 14) to base 12
-33
Convert -30 (base 5) to base 2.
-1111
What is -10 (base 6) in base 7?
-6
What is 222 (base 10) in base 4?
3132
Convert 110111 (base 2) to base 15.
3a
115 (base 11) to base 13
a7
13 (base 14) to base 13
14
332 (base 4) to base 13
4a
What is 30 (base 13) in base 14?
2b
-15 (base 9) to base 6
-22
Convert -50 (base 6) to base 4.
-132
What is -3 (base 14) in base 16?
-3
What is -66 (base 8) in base 14?
-3c
Convert 14 (base 7) to base 6.
15
Convert 2 (base 8) to base 15.
2
Convert -46 (base 16) to base 5.
-240
Convert 212 (base 3) to base 16.
17
What is -183 (base 10) in base 6?
-503
Convert -12 (base 4) to base 15.
-6
What is 6 (base 14) in base 8?
6
What is -30 (base 10) in base 9?
-33
What is 4 (base 7) in base 12?
4
What is 5 (base 10) in base 5?
10
Convert -26 (base 10) to base 16.
-1a
What is -1 (base 5) in base 7?
-1
What is 13 (base 15) in base 7?
24
Convert 64 (base 8) to base 3.
1221
-7 (base 11) to base 9
-7
4 (base 6) to base 3
11
What is -12b (base 13) in base 10?
-206
Convert -2 (base 10) to base 3.
-2
Convert 12 (base 3) to base 9.
5
Convert 17 (base 11) to base 14.
14
-4 (base 12) to base 8
-4
-14 (base 7) to base 14
-b
What is 27 (base 8) in base 4?
113
-22 (base 10) to base 2
-10110
Convert -3 (base 13) to base 6.
-3
What is a (base 14) in base 12?
a
What is 10 (base 2) in base 14?
2
14 (base 5) to base 16
9
What is 12 (base 12) in base 13?
11
Convert 1 (base 2) to base 15.
1
What is b (base 16) in base 11?
10
-10021 (base 3) to base 14
-64
-2 (base 3) to base 13
-2
-1a (base 11) to base 10
-21
Convert 2b (base 14) to base 9.
43
What is -145 (base 11) in base 15?
-b5
What is -423 (base 7) in base 15?
-e3
-225 (base 7) to base 6
-313
What is 2 (base 5) in base 8?
2
19 (base 15) to base 10
24
Convert -3 (base 15) to base 6.
-3
1 (base 13) to base 15
1
-200 (base 4) to base 8
-40
540 (base 8) to base 5
2402
Convert -192 (base 12) to base 5.
-2004
What is -34 (base 8) in base 3?
-1001
Convert -13 (base 11) to base 16.
-e
What is -70 (base 10) in base 2?
-1000110
-14 (base 5) to base 13
-9
-5 (base 6) to base 3
-12
What is 12 (base 15) in base 11?
16
Convert -78 (base 15) to base 6.